2, 2143
List the prime factors of 300.
2, 3, 5
List the prime factors of 9059.
9059
List the prime factors of 7473.
3, 47, 53
List the prime factors of 2389.
2389
List the prime factors of 28322.
2, 7, 17
List the prime factors of 1495.
5, 13, 23
List the prime factors of 17271.
3, 19, 101
List the prime factors of 565.
5, 113
What are the prime factors of 7971?
3, 2657
List the prime factors of 9627.
3, 3209
What are the prime factors of 715?
5, 11, 13
List the prime factors of 2856.
2, 3, 7, 17
What are the prime factors of 1459?
1459
List the prime factors of 13561.
71, 191
List the prime factors of 18108.
2, 3, 503
What are the prime factors of 32630?
2, 5, 13, 251
List the prime factors of 11383.
11383
What are the prime factors of 1118?
2, 13, 43
What are the prime factors of 209?
11, 19
What are the prime factors of 17018?
2, 67, 127
List the prime factors of 197349.
3, 157, 419
List the prime factors of 122488.
2, 61, 251
List the prime factors of 1752.
2, 3, 73
List the prime factors of 159762.
2, 3, 26627
List the prime factors of 77674.
2, 71, 547
What are the prime factors of 1645?
5, 7, 47
What are the prime factors of 3314?
2, 1657
List the prime factors of 104.
2, 13
List the prime factors of 25395.
3, 5, 1693
What are the prime factors of 628?
2, 157
What are the prime factors of 1662?
2, 3, 277
What are the prime factors of 27929?
11, 2539
What are the prime factors of 2515?
5, 503
List the prime factors of 7489.
7489
What are the prime factors of 389?
389
List the prime factors of 39953.
39953
What are the prime factors of 13161?
3, 41, 107
List the prime factors of 88227.
3, 9803
What are the prime factors of 2248?
2, 281
What are the prime factors of 49107?
3, 16369
What are the prime factors of 48242?
2, 24121
What are the prime factors of 15448?
2, 1931
List the prime factors of 47868.
2, 3, 3989
List the prime factors of 15603.
3, 7, 743
List the prime factors of 771.
3, 257
What are the prime factors of 19203?
3, 37, 173
List the prime factors of 80071.
80071
List the prime factors of 111616.
2, 109
What are the prime factors of 99?
3, 11
List the prime factors of 13628.
2, 3407
List the prime factors of 7635.
3, 5, 509
List the prime factors of 54018.
2, 3, 3001
List the prime factors of 15048.
2, 3, 11, 19
List the prime factors of 1040.
2, 5, 13
What are the prime factors of 51170?
2, 5, 7, 17, 43
What are the prime factors of 11492?
2, 13, 17
What are the prime factors of 3744?
2, 3, 13
What are the prime factors of 3469?
3469
List the prime factors of 432.
2, 3
What are the prime factors of 750?
2, 3, 5
What are the prime factors of 38914?
2, 19457
What are the prime factors of 2190?
2, 3, 5, 73
What are the prime factors of 3404?
2, 23, 37
List the prime factors of 76.
2, 19
List the prime factors of 48884.
2, 11, 101
List the prime factors of 43452.
2, 3, 17, 71
What are the prime factors of 10546?
2, 5273
What are the prime factors of 94659?
3, 139, 227
List the prime factors of 4575.
3, 5, 61
What are the prime factors of 43741?
17, 31, 83
What are the prime factors of 10033?
79, 127
What are the prime factors of 14?
2, 7
What are the prime factors of 792?
2, 3, 11
What are the prime factors of 29037?
3, 9679
What are the prime factors of 3400?
2, 5, 17
List the prime factors of 14676.
2, 3, 1223
List the prime factors of 38003.
7, 61, 89
List the prime factors of 1145.
5, 229
What are the prime factors of 2215?
5, 443
List the prime factors of 3085.
5, 617
What are the prime factors of 12551?
7, 11, 163
What are the prime factors of 7129?
7129
What are the prime factors of 2924?
2, 17, 43
List the prime factors of 9094.
2, 4547
What are the prime factors of 21?
3, 7
List the prime factors of 909.
3, 101
List the prime factors of 334.
2, 167
What are the prime factors of 245?
5, 7
List the prime factors of 4504.
2, 563
What are the prime factors of 4599?
3, 7, 73
What are the prime factors of 68?
2, 17
What are the prime factors of 2973?
3, 991
What are the prime factors of 11689?
11689
List the prime factors of 1281.
3, 7, 61
List the prime factors of 945.
3, 5, 7
What are the prime factors of 17881?
17881
List the prime factors of 2533.
17, 149
What are the prime factors of 102148?
2, 25537
List the prime factors of 3506.
2, 1753
What are the prime factors of 10158?
2, 3, 1693
What are the prime factors of 76519?
76519
List the prime factors of 18888.
2, 3, 787
List the prime factors of 11061.
3, 1229
List the prime factors of 19715.
5, 3943
What are the prime factors of 3745?
5, 7, 107
List the prime factors of 22490.
2, 5, 13, 173
What are the prime factors of 34924?
2, 8731
List the prime factors of 10053.
3, 1117
List the prime factors of 70083.
3, 13, 599
List the prime factors of 3319.
3319
What are the prime factors of 27542?
2, 47, 293
What are the prime factors of 8155?
5, 7, 233
What are the prime factors of 17790?
2, 3, 5, 593
List the prime factors of 13435.
5, 2687
What are the prime factors of 5778?
2, 3, 107
What are the prime factors of 14367?
3, 4789
List the prime factors of 1042.
2, 521
List the prime factors of 12927.
3, 31, 139
What are the prime factors of 32192?
2, 503
What are the prime factors of 19151?
11, 1741
List the prime factors of 362.
2, 181
List the prime factors of 169078.
2, 7, 13, 929
What are the prime factors of 65571?
3, 11, 1987
List the prime factors of 64618.
2, 32309
List the prime factors of 2002.
2, 7, 11, 13
What are the prime factors of 1653?
3, 19, 29
What are the prime factors of 19419?
3, 6473
List the prime factors of 35231.
7, 719
List the prime factors of 27.
3
What are the prime factors of 70266?
2, 3, 7, 239
What are the prime factors of 80501?
79, 1019
List the prime factors of 274.
2, 137
List the prime factors of 120744.
2, 3, 13, 43
What are the prime factors of 73?
73
List the prime factors of 53165.
5, 7, 31
What are the prime factors of 40703?
13, 31, 101
List the prime factors of 913.
11, 83
What are the prime factors of 44997?
3, 53, 283
List the prime factors of 51416.
2, 6427
List the prime factors of 668.
2, 167
List the prime factors of 33.
3, 11
What are the prime factors of 11296?
2, 353
List the prime factors of 13630.
2, 5, 29, 47
What are the prime factors of 102576?
2, 3, 2137
List the prime factors of 18624.
2, 3, 97
List the prime factors of 7255.
5, 1451
List the prime factors of 2529.
3, 281
What are the prime factors of 18984?
2, 3, 7, 113
What are the prime factors of 890?
2, 5, 89
List the prime factors of 189.
3, 7
List the prime factors of 6992.
2, 19, 23
What are the prime factors of 2292?
2, 3, 191
What are the prime factors of 744?
2, 3, 31
List the prime factors of 103679.
199, 521
List the prime factors of 4959.
3, 19, 29
List the prime factors of 10725.
3, 5, 11, 13
What are the prime factors of 15029?
7, 19, 113
What are the prime factors of 56416?
2, 41, 43
What are the prime factors of 70572?
2, 3, 5881
What are the prime factors of 1124?
2, 281
List the prime factors of 948.
2, 3, 79
List the prime factors of 7219.
7219
List the prime factors of 86327.
173, 499
What are the prime factors of 215?
5, 43
List the prime factors of 5267.
23, 229
List the prime factors of 7866.
2, 3, 19, 23
What are the prime factors of 66261?
3, 13, 1699
What are the prime factors of 53786?
2, 26893
List the prime factors of 1963.
13, 151
What are the prime factors of 8491?
7, 1213
What are the prime factors of 9802?
2, 13, 29
List the prime factors of 5029.
47, 107
What are the prime factors of 1227?
3, 409
List the prime factors of 14687.
19, 773
List the prime factors of 24654.
2, 3, 7, 587
List the prime factors of 6607.
6607
What are the prime factors of 77?
7, 11
List the prime factors of 20063.
20063
List the prime factors of 925.
5, 37
What are the prime factors of 1147?
31, 37
What are the prime factors of 30571?
19, 1609
What are the prime factors of 82703?
191, 433
List the prime factors of 3779.
3779
What are the prime factors of 64534?
2, 41, 787
What are the prime factors of 11411?
11411
List the prime factors of 169442.
2, 7, 13, 19
What are the prime factors of 499?
499
List the prime factors of 28496.
2, 13, 137
What are the prime factors of 608?
2, 19
List the prime factors of 15292.
2, 3823
What are the prime facto